**2 + 2271*c - 141. Give p(-23).
-3
Let j(m) = m**3 - 330*m**2 - 43*m + 14321. Determine j(330).
131
Let u(p) = 69*p**2 + 2139*p + 15732. What is u(-19)?
0
Let a(c) = 6*c**2 + 7916*c - 31749. What is a(4)?
11
Let g(o) = -3*o**3 + 310*o**2 - 100*o + 1000. Give g(103).
1309
Let r(z) = z**3 + 114*z**2 - 30*z - 3526. Determine r(-114).
-106
Let z(r) = -r**3 + 4*r**2 + 207*r - 941. Determine z(14).
-3
Let i(z) = 2*z**3 - 1085*z**2 - 3822*z - 8. Calculate i(546).
-8
Let u(v) = -11*v**2 - 1282*v + 880. Give u(-117).
295
Let d(w) = 2*w**2 + 38392*w + 345365. What is d(-9)?
-1
Let v(c) = -1093*c + 56838. Give v(52).
2
Let d(c) = 2*c**2 + 637*c - 1275. Calculate d(2).
7
Let m(c) = c**3 + 16*c**2 + 85*c + 1814. Give m(-19).
-884
Let z(m) = 914*m - 24651. Calculate z(27).
27
Let p(o) = 908*o - 27761. Determine p(33).
2203
Let o(x) = 200*x - 48659. Calculate o(244).
141
Let d(n) = n**3 - 20*n**2 + 96*n + 63. Determine d(13).
128
Let q(n) = -8*n**3 + 3*n**2 - 156*n - 113. Calculate q(0).
-113
Let b(h) = 64*h**3 + 183*h**2 + 12*h + 19. Give b(-3).
-98
Let y(u) = 5792*u - 40616. Calculate y(7).
-72
Let j(h) = 6*h**3 - 35*h**2 + 11*h - 175. What is j(10)?
2435
Let l(m) = m**3 + 28*m**2 + 14*m + 8899. What is l(-35)?
-166
Let s(l) = -77*l**2 - 6*l + 10. Calculate s(3).
-701
Let x(c) = c**2 + 38*c - 2035. Give x(-67).
-92
Let p(a) = 4702*a - 37629. Determine p(8).
-13
Let v(u) = -u**3 + 299*u**2 + 5364*u + 2797. Calculate v(316).
269
Let y(n) = -4*n**2 + 681*n - 7012. What is y(11)?
-5
Let r(z) = z**3 - 105*z**2 - 80470*z + 1414. Determine r(-236).
-2
Let q(x) = 156*x**3 + 99533*x**2 + 3185*x - 3130. Give q(-638).
60
Let x(t) = -29155*t - 137. Calculate x(0).
-137
Let p(n) = 2*n**3 + 9*n**2 - 1818*n + 3136. Determine p(27).
-23
Let i(f) = -2*f**2 - 3347*f - 314723. Determine i(-100).
-23
Let b(u) = -760*u + 2116. Determine b(4).
-924
Let h(a) = 3*a**2 - 309*a - 14569. Calculate h(-35).
-79
Let d(v) = -4837*v - 67850. Calculate d(-14).
-132
Let l(v) = 235450*v - 1177290. Give l(5).
-40
Let x(v) = -v - 1722. Calculate x(-59).
-1663
Let r(m) = -5*m**2 + 68*m + 33578. What is r(89)?
25
Let w(o) = -219732*o + 17578562. Give w(80).
2
Let z(h) = -19*h**2 - 331*h - 333. Give z(-1).
-21
Let v(g) = 11*g**3 - 12*g**2 - 13*g + 57. Give v(6).
1923
Let x(w) = w**3 + 194*w**2 + 6050*w + 782. Calculate x(-155).
7
Let q(j) = -2*j**3 + 149*j**2 - 13*j - 35. What is q(0)?
-35
Let v(q) = 1212*q - 8457. Calculate v(7).
27
Let m(i) = -1986623*i + 21852852. What is m(11)?
-1
Let d(p) = 1890*p + 7854. Give d(-4).
294
Let n(a) = -a**3 + 19*a**2 - 212*a - 26. Give n(13).
-1768
Let h(m) = -m**3 - 23*m**2 - 54*m + 80. Give h(-6).
-208
Let s(t) = t**3 - 48*t**2 + 403*t + 3844. Determine s(31).
0
Let m(x) = -21*x**2 + 4487*x + 194756. Determine m(-37).
-12
Let d(m) = m**3 - 10*m**2 + 3399*m - 27065. What is d(8)?
-1
Let k(p) = -p**3 + 52*p**2 + 6389*p + 496. Give k(-58).
-26
Let n(u) = -2*u**3 + 88*u**2 - 3*u - 484. What is n(44)?
-616
Let p(x) = 5*x**2 - 220*x - 4162. What is p(-18)?
1418
Let m(b) = 260333*b + 3644656. Give m(-14).
-6
Let n(q) = q**3 + 825*q**2 + 7343*q - 823. Determine n(-816).
-7
Let r(z) = -255*z**2 + 36976*z - 140. Calculate r(145).
5
Let o(v) = 4*v**3 - 22*v**2 + 289*v - 1749. Calculate o(6).
57
Let h(p) = -p**2 - 1540*p + 56205. Calculate h(36).
-531
Let v(z) = -z**3 - 28*z**2 + 672*z + 14933. Give v(-35).
-12
Let a(h) = -5*h**3 + 11*h**2 - 212*h - 2621. Determine a(-6).
127
Let f(v) = 27691*v + 138655. Give f(-5).
200
Let w(t) = -13*t**2 + 452*t - 4839. Determine w(10).
-1619
Let f(r) = -9*r**2 + 1386*r - 11750. Give f(9).
-5
Let n(w) = -1136*w - 706. What is n(-2)?
1566
Let s(l) = -2*l**3 - 21*l**2 - l + 108. Determine s(0).
108
Let v(f) = f**3 + 8*f**2 - 14497*f - 130378. Determine v(-9).
14
Let z(n) = -n**3 + 50*n**2 + 2222*n - 20429. What is z(8)?
35
Let s(h) = 32*h - 210. Give s(-17).
-754
Let i(a) = a**3 + 24*a**2 + 2801*a + 5528. Determine i(-2).
14
Let a(t) = 84*t**3 - 1117*t**2 + 401*t - 993. What is a(13)?
-5
Let y(u) = 8*u**2 - 127*u - 2035. Give y(-10).
35
Let v(j) = -332*j - 3844. Calculate v(-12).
140
Let n(g) = -41*g**2 + 1297*g - 52. What is n(32)?
-532
Let x(a) = 122*a**2 - 107*a + 210. Calculate x(2).
484
Let k(o) = -170169*o + 340338. Give k(2).
0
Let u(h) = 2*h**3 + 46*h**2 - 127*h - 710. Calculate u(-26).
-1464
Let j(z) = 239*z + 10920. What is j(-55)?
-2225
Let v(a) = 2*a**3 + 464*a**2 - 475*a - 1656. Calculate v(-233).
441
Let h(a) = 2*a**3 + 445*a**2 + 133*a - 19763. Calculate h(-222).
-5
Let g(p) = 6*p**2 - 108*p + 87. Determine g(19).
201
Let y(k) = -k**3 - 140*k**2 - 4885*k - 65. Calculate y(-66).
1
Let j(c) = 21*c**3 + 2815*c**2 + 136*c + 239. Calculate j(-134).
-29
Let l(u) = 349*u + 16549. Give l(-47).
146
Let u(a) = 2*a**3 + 3219*a**2 - 11265*a + 41939. Determine u(-1613).
1
Let u(o) = 2*o**2 + 11826*o + 270946. What is u(-23)?
6
Let s(c) = -c**3 - 332*c**2 + 1007*c + 556. Give s(-335).
-114
Let y(j) = 32869*j + 460172. What is y(-14)?
6
Let t(m) = m**2 - 2012*m + 41828. Calculate t(21).
17
Let b(w) = -20*w**2 + 2727*w - 85098. Calculate b(88).
-2
Let r(g) = g**2 + 631327*g - 3156623. Give r(5).
37
Let m(l) = -8622*l + 1715781. Give m(199).
3
Let i(s) = s**2 + 18604*s + 464449. Give i(-25).
-26
Let n(d) = -2*d**3 + 48*d**2 + 2523*d - 22257. Give n(8).
-25
Let j(z) = -24*z**2 + 300*z - 1323. Determine j(4).
-507
Let z(v) = 77*v**2 + 1266*v - 135. Calculate z(-16).
-679
Let f(t) = t**3 - 81*t**2 + 635*t + 836. What is f(72)?
-100
Let u(x) = -122*x - 1478. Give u(-10).
-258
Let b(x) = 711*x + 28149. Calculate b(-39).
420
Let c(b) = b**2 - 1651*b - 271968. Calculate c(-151).
134
Let b(f) = f**3 - 41*f**2 + 9*f + 3984. Give b(38).
-6
Let b(i) = 12*i + 5. Calculate b(-89).
-1063
Let g(p) = 5*p**2 + 150*p - 124. Give g(-30).
-124
Let l(w) = -60*w + 22581. Calculate l(376).
21
Let n(c) = 144*c**2 + 40*c + 13. Calculate n(-2).
509
Let d(f) = f**3 - 93*f**2 - 2298*f - 11133. What is d(114)?
-189
Let t(g) = -9*g**3 + 525*g**2 + 1515*g - 3063. What is t(61)?
48
Let o(r) = 573*r**2 + 38969*r + 336. Calculate o(-68).
-4
Let v(x) = -254*x - 878. Calculate v(-5).
392
Let s(n) = -n**3 - 79*n**2 - 1343*n + 371. Give s(-54).
-7
Let k(j) = 18156*j - 502. Determine k(0).
-502
Let n(i) = 18*i**2 - 230*i - 1452. Determine n(-7).
1040
Let k(h) = 2*h**2 + 238*h - 14341. Give k(-163).
3
Let u(w) = 2*w**2 + 216*w + 4691. Calculate u(-78).
11
Let n(u) = 2*u**3 - 981*u**2 - 11548*u + 1001. Determine n(502).
-3
Let j(h) = -2293*h**2 + 1360*h + 1358. What is j(-1)?
-2295
Let o(h) = 1209*h - 201831. Determine o(166).
-1137
Let t(w) = -w**2 + 526*w - 63705. Give t(337).
-12
Let x(m) = 428*m + 157941. Give x(-369).
9
Let o(n) = n**3 + 1546*n**2 + 6164*n - 26. Give o(-4).
-10
Let q(i) = -16*i**2 + 192*i + 123. Determine q(8).
635
Let y(m) = -m**3 - 165*m**2 - 5821*m - 755. Calculate y(-114).
43
Let p(f) = 10328*f - 1714428. Determine p(166).
20
Let s(m) = m**3 - 85*m**2 - 185*m - 95. What is s(87)?
-1052
Let i(v) = 233*v**2 - 49396*v + 7. Calculate i(212).
7
Let c(b) = 429*b + 1911. What is c(0)?
1911
Let j(h) = h**3 + 16*h**2 + 393*h + 6973. Give j(-17).
3
Let o(k) = 11331*k + 600585. Determine o(-53).
42
Let d(w) = -w**2 + 10887*w + 272692. Determine d(-25).
-108
Let r(d) = -3334*d**2 + 26769*d - 777. What is r(8)?
-1
Let r(w) = 77*w**3 + 5*w**2 + 23*w - 88. What is r(3)?
2105
Let h(c) = -c**2 + 997*c - 34640. Calculate h(36).
-44
Let y(q) = -204*q**3 - 1021*q**2 - 15*q - 36. Determine y(-5).
14
Let r(c) = -11*c**3 + 107*c**2 + 30*c - 275. Determine r(10).
-275
Let x(f) = -4068*f + 65048. What is x(16)?
-40
Let g(y) = 363*y**3 + y**2 + 41*y - 43. Calculate g(1).
362
Let j(q) = -64605*q - 193953. Determine j(-3).
-138
Let n(v) = 446*v - 42407. Determine n(96).
409
Let y(q) = q**3 - 48*q**2 + 560*q - 1098. What is y(21)?
-1245
Let w(u) = u**3 - 26*u**2 - 709*u + 20113. Determine w(28).
1829
Let g(q) = -q**3 - 18*q**2 - 46*q - 523. Calculate g(-17).
-30
Let f(p) = p**2 - 4225*p - 326876. What is f(-76)?
0
Let f(k) = k**3 + 25*k**2 - 446*k + 88. What is f(-37)?
162
Let w(s) = s**3 - 198*s**2 + 1165*s - 2383. Give w(192).
113
Let i(y) = -55002*y + 440043. What is i(8)?
27
Let c(u) = 7*u**2 + 267*u - 128. Determine c(-40).
392
Let o(q) = q**2 + 5268*q + 13. What is o(0)